{"id":1667,"date":"2021-02-16T16:03:59","date_gmt":"2021-02-16T16:03:59","guid":{"rendered":"http:\/\/amethyste.fr\/WordPress\/?page_id=1667"},"modified":"2023-07-26T06:20:33","modified_gmt":"2023-07-26T06:20:33","slug":"rbi-pipeline","status":"publish","type":"page","link":"https:\/\/amethyste.fr\/WordPress\/modules-asset-integrity-management\/rbi-pipeline\/","title":{"rendered":"Module RBI Pipeline"},"content":{"rendered":"\n    \n    <section class=\"u-align-left u-clearfix u-image u-section-2\" src=\"\" id=\"sec-4ccf\" style=\"background-image: url(&quot;https:\/\/amethyste.fr\/WordPress\/wp-content\/uploads\/pipeline1.jpeg&quot;);\">\n      <div class=\"u-clearfix u-sheet u-sheet-1\">\n        <h1 class=\"u-text u-text-body-alt-color u-text-1\" data-lang-fr=\"RBI Pipeline\" data-lang-en=\"RBI Pipeline\">RBI Pipeline<\/h1>\n      <\/div>\n    <\/section>\n    <section class=\"u-clearfix u-section-3\" id=\"sec-7096\">\n      <div class=\"u-clearfix u-sheet u-sheet-1\">\n        <h2 class=\"u-text u-text-1\" data-lang-fr=\"\n\u200bPipeline Management\" data-lang-en=\"\n\u200bPipeline Management\">Gestion de pipeline<br>\n        <\/h2>\n      <\/div>\n    <\/section>\n    <section class=\"u-clearfix u-section-4\" id=\"sec-64df\">\n      <div class=\"u-clearfix u-sheet u-valign-middle u-sheet-1\">\n        <div class=\"u-clearfix u-expanded-width u-layout-wrap u-layout-wrap-1\">\n          <div class=\"u-layout\">\n            <div class=\"u-layout-row\">\n              <div class=\"u-container-style u-layout-cell u-size-47 u-layout-cell-1\">\n                <div class=\"u-container-layout u-container-layout-1\">\n                  <p class=\"u-text u-text-1\" data-lang-fr=\"\n\u200bThe <b>RBI Pipeline<\/b> module,\nimplementing API, ASME, and <a href=&quot;https:\/\/www.dnv.com\/oilgas\/download\/dnv-rp-f116-integrity-management-of-submarine-pipeline-systems.html&quot; class=&quot;u-active-none u-border-none u-btn u-button-link u-button-style u-custom-font u-hover-none u-none u-text-custom-color-1 u-btn-1 u-block-control&quot; style=&quot;background-image: none; font-family: Montserrat, sans-serif; padding-top: 0; padding-bottom: 0; padding-left: 0; padding-right: 0&quot; data-block=&quot;29&quot;>DNV-RP-F116<\/a> Recommended Practice, provides a dynamic and comprehensive segmentation approach based on risk assessments for both onshore and offshore pipelines. <!--[if !supportAnnotations]--><!--[endif]-->\n                  \" data-lang-en=\"\n\u200bThe <b>RBI Pipeline<\/b> module,\nimplementing API, ASME, and <a href=&quot;https:\/\/www.dnv.com\/oilgas\/download\/dnv-rp-f116-integrity-management-of-submarine-pipeline-systems.html&quot; class=&quot;u-active-none u-border-none u-btn u-button-link u-button-style u-custom-font u-hover-none u-none u-text-custom-color-1 u-btn-1 u-block-control&quot; style=&quot;background-image: none; font-family: Montserrat, sans-serif; padding-top: 0; padding-bottom: 0; padding-left: 0; padding-right: 0&quot; data-block=&quot;29&quot; data-lang-fr=&quot;{&amp;quot;content&amp;quot;:&amp;quot;DNV-RP-F116&amp;quot;,&amp;quot;href&amp;quot;:&amp;quot;https:\/\/www.dnv.com\/oilgas\/download\/dnv-rp-f116-integrity-management-of-submarine-pipeline-systems.html&amp;quot;}&quot;>DNV-RP-F116<\/a> Recommended Practice, provides a dynamic and comprehensive segmentation approach based on risk assessments for both onshore and offshore pipelines. <!--[if !supportAnnotations]--><!--[endif]-->\n                  \"> Le module <b>RBI Pipeline<\/b>,\nimpl\u00e9mentant les&nbsp;Recommended Practice API, ASME, and <a href=\"https:\/\/www.dnv.com\/oilgas\/download\/dnv-rp-f116-integrity-management-of-submarine-pipeline-systems.html\" class=\"u-active-none u-border-none u-btn u-button-link u-button-style u-custom-font u-hover-none u-none u-text-custom-color-1 u-btn-1\">DNV-RP-F116<\/a>, permet une segmentation dynamique et compr\u00e9hensive bas\u00e9e sur des \u00e9valuations de risque pour les&nbsp;pipelines onshore et offshore . <!--[if !supportAnnotations]--><!--[endif]-->\n                  <\/p>\n                <\/div>\n              <\/div>\n              <div class=\"u-align-center u-container-style u-layout-cell u-size-13 u-layout-cell-2\">\n                <div class=\"u-container-layout u-container-layout-2\">\n                  <a href=\"https:\/\/amethyste.fr\/WordPress\/en\/contact\/\" class=\"u-align-center u-btn u-button-style u-palette-1-base u-text-body-alt-color u-btn-2\" data-lang-fr=\"{&quot;content&quot;:&quot;ask for a demo&quot;,&quot;href&quot;:&quot;https:\/\/amethyste.fr\/WordPress\/en\/contact\/&quot;}\" data-lang-en=\"{&quot;content&quot;:&quot;ask for a demo&quot;,&quot;href&quot;:&quot;https:\/\/amethyste.fr\/WordPress\/en\/contact\/&quot;}\">demander une demo<\/a>\n                  <a href=\"https:\/\/amethyste.fr\/WordPress\/fr\/modules-asset-integrity-management\/\" class=\"u-align-center u-btn u-button-style u-hover-palette-1-dark-1 u-palette-1-base u-btn-3\" data-lang-fr=\"{&quot;content&quot;:&quot;all our modules&quot;,&quot;href&quot;:&quot;https:\/\/amethyste.fr\/WordPress\/fr\/modules-asset-integrity-management\/&quot;}\" data-lang-en=\"{&quot;content&quot;:&quot;all our modules&quot;,&quot;href&quot;:&quot;https:\/\/amethyste.fr\/WordPress\/fr\/modules-asset-integrity-management\/&quot;}\">tous nos modules<\/a>\n                <\/div>\n              <\/div>\n            <\/div>\n          <\/div>\n        <\/div>\n      <\/div>\n    <\/section>\n    <section class=\"u-clearfix u-section-5\" id=\"sec-96a9\">\n      <div class=\"u-clearfix u-sheet u-valign-middle u-sheet-1\">\n        <div class=\"u-clearfix u-expanded-width u-layout-wrap u-layout-wrap-1\">\n          <div class=\"u-layout\">\n            <div class=\"u-layout-row\">\n              <div class=\"u-container-style u-layout-cell u-size-30 u-layout-cell-1\">\n                <div class=\"u-container-layout u-container-layout-1\">\n                  <h3 class=\"u-text u-text-1\" data-lang-fr=\"\n\u200bUser definition of the methodology\" data-lang-en=\"\n\u200bUser definition of the methodology\"> D\u00e9finition de la m\u00e9thodologie par l'utilisateur<br>\n                  <\/h3>\n                  <ul class=\"u-text u-text-2\" data-lang-fr=\"\n                    <li style=&quot;&quot;><div class=&quot;hidden u-list-icon u-block-65a8-13&quot; style=&quot;&quot;><\/div>\n                      <div class=&quot;hidden u-list-icon u-block-65a8-12&quot; style=&quot;&quot;><\/div>\u200bLikelihood and Consequence of threats and categories of\n     threats&amp;nbsp;<\/li><li style=&quot;&quot;><div class=&quot;hidden u-list-icon u-block-65a8-14&quot; style=&quot;&quot;><\/div>Risk analysis: specification of Attribute, Responses\n     and Contribution based on the particularities of the pipeline's operation\n     zones<\/li>\" data-lang-en=\"\n                    <li style=&quot;&quot;><div class=&quot;hidden u-list-icon u-block-65a8-13&quot; style=&quot;&quot;><\/div>\n                      <div class=&quot;hidden u-list-icon u-block-65a8-12&quot; style=&quot;&quot;><\/div>\u200bLikelihood and Consequence of threats and categories of\n     threats&amp;nbsp;<\/li><li style=&quot;&quot;><div class=&quot;hidden u-list-icon u-block-65a8-14&quot; style=&quot;&quot;><\/div>Risk analysis: specification of Attribute, Responses\n     and Contribution based on the particularities of the pipeline's operation\n     zones<\/li>\">\n                    <li style=\"\"> Probabilit\u00e9 et Cons\u00e9quence des menaces et cat\u00e9gorisation <br>\n                    <\/li>\n                    <li style=\"\">Analyse de risque: sp\u00e9cification des Attributs, R\u00e9ponses et Contribution sur la base des particularit\u00e9s des&nbsp;zones d'op\u00e9ration des pipelines <\/li>\n                  <\/ul>\n                <\/div>\n              <\/div>\n              <div class=\"u-align-center-sm u-align-center-xs u-container-style u-layout-cell u-size-30 u-layout-cell-2\">\n                <div class=\"u-container-layout u-valign-top u-container-layout-2\">\n                  <img decoding=\"async\" src=\"https:\/\/amethyste.fr\/WordPress\/wp-content\/uploads\/Pipeline-1.jpg?_t=1628241229\" alt=\"Module RBI Pipeline: analyse du risque\" class=\"u-expanded-width u-image u-image-default u-image-1\" data-image-width=\"510\" data-image-height=\"285\" data-lang-fr=\"Module RBI Pipeline: analyse du risque\" data-lang-en=\"Module RBI Pipeline: analyse du risque\">\n                <\/div>\n              <\/div>\n            <\/div>\n          <\/div>\n        <\/div>\n      <\/div>\n    <\/section>\n    <section class=\"u-clearfix u-section-6\" id=\"carousel_3ab3\">\n      <div class=\"u-clearfix u-sheet u-valign-middle u-sheet-1\">\n        <div class=\"u-clearfix u-expanded-width u-layout-wrap u-layout-wrap-1\">\n          <div class=\"u-layout\" style=\"\">\n            <div class=\"u-layout-row\" style=\"\">\n              <div class=\"u-container-style u-layout-cell u-size-30 u-layout-cell-1\">\n                <div class=\"u-container-layout u-valign-top-sm u-valign-top-xs u-container-layout-1\">\n                  <img decoding=\"async\" src=\"https:\/\/amethyste.fr\/WordPress\/wp-content\/uploads\/Pipeline-2.jpg?_t=1628241229\" alt=\"Pipeline: vue 2D avec affichage de la matrice de risque\" class=\"u-align-center-sm u-align-center-xs u-expanded-width u-image u-image-default u-image-1\" data-image-width=\"510\" data-image-height=\"310\" data-lang-fr=\"Pipeline: vue 2D avec affichage de la matrice de risque\" data-lang-en=\"Pipeline: vue 2D avec affichage de la matrice de risque\">\n                <\/div>\n              <\/div>\n              <div class=\"u-container-style u-layout-cell u-size-30 u-layout-cell-2\">\n                <div class=\"u-container-layout u-valign-top u-container-layout-2\">\n                  <h3 class=\"u-text u-text-1\" data-lang-fr=\"\n\u200bDynamic segmentation management\" data-lang-en=\"\n\u200bDynamic segmentation management\"> Gestion de la segmentation dynamique<br>\n                  <\/h3>\n                  <ul class=\"u-text u-text-2\" data-lang-fr=\"\n                    <li style=&quot;&quot;><div class=&quot;hidden u-list-icon u-block-0286-13&quot; style=&quot;&quot;><\/div>\n                      <div class=&quot;hidden u-list-icon u-block-0286-12&quot; style=&quot;&quot;><\/div>\u200bAutomatic combination of the contribution scores&amp;nbsp;<\/li><li style=&quot;&quot;><div class=&quot;hidden u-list-icon u-block-0286-14&quot; style=&quot;&quot;><\/div>Creation of a dynamic segmentation and placement of\n     segment on the risk matrix&amp;nbsp;<\/li><li style=&quot;&quot;><div class=&quot;hidden u-list-icon u-block-0286-15&quot; style=&quot;&quot;><\/div>Automatic creation of the segments in the Asset\n     Register and display of the risk matrix result<\/li>\" data-lang-en=\"\n                    <li style=&quot;&quot;><div class=&quot;hidden u-list-icon u-block-0286-13&quot; style=&quot;&quot;><\/div>\n                      <div class=&quot;hidden u-list-icon u-block-0286-12&quot; style=&quot;&quot;><\/div>\u200bAutomatic combination of the contribution scores&amp;nbsp;<\/li><li style=&quot;&quot;><div class=&quot;hidden u-list-icon u-block-0286-14&quot; style=&quot;&quot;><\/div>Creation of a dynamic segmentation and placement of\n     segment on the risk matrix&amp;nbsp;<\/li><li style=&quot;&quot;><div class=&quot;hidden u-list-icon u-block-0286-15&quot; style=&quot;&quot;><\/div>Automatic creation of the segments in the Asset\n     Register and display of the risk matrix result<\/li>\">\n                    <li style=\"\"> Combinaison automatique des scores de contribution <\/li>\n                    <li style=\"\">Cr\u00e9ation d'une&nbsp;segmentation  dynamique etplacement du\n     segment sur la matrice de risque <br>\n                    <\/li>\n                    <li style=\"\">Cr\u00e9ation automatique des segments dans l'Asset\n     Register et affichage du r\u00e9sultat de la matrice de risque<\/li>\n                  <\/ul>\n                <\/div>\n              <\/div>\n            <\/div>\n          <\/div>\n        <\/div>\n      <\/div>\n    <\/section>\n    <section class=\"u-clearfix u-section-7\" id=\"sec-5694\">\n      <div class=\"u-clearfix u-sheet u-sheet-1\">\n        <div class=\"u-clearfix u-expanded-width u-gutter-10 u-layout-wrap u-layout-wrap-1\">\n          <div class=\"u-layout\">\n            <div class=\"u-layout-row\">\n              <div class=\"u-container-style u-layout-cell u-size-30 u-layout-cell-1\">\n                <div class=\"u-container-layout u-container-layout-1\">\n                  <a href=\"https:\/\/amethyste.fr\/WordPress\/services-fr\/\" class=\"u-align-center u-btn u-button-style u-hover-palette-1-dark-1 u-palette-1-base u-btn-1\" data-lang-fr=\"{&quot;content&quot;:&quot;discover our services&quot;,&quot;href&quot;:&quot;https:\/\/amethyste.fr\/WordPress\/services-fr\/&quot;}\" data-lang-en=\"{&quot;content&quot;:&quot;discover our services&quot;,&quot;href&quot;:&quot;https:\/\/amethyste.fr\/WordPress\/services-fr\/&quot;}\">d\u00e9couvrez nos services<\/a>\n                <\/div>\n              <\/div>\n              <div class=\"u-container-style u-layout-cell u-size-30 u-layout-cell-2\">\n                <div class=\"u-container-layout u-container-layout-2\">\n                  <a href=\"https:\/\/extranet.amethyste.fr\/documents\/orKsoft_System_Requirements.pdf\" class=\"u-align-center u-btn u-button-style u-file-link u-hover-palette-1-dark-1 u-palette-1-base u-btn-2\" target=\"_blank\" data-lang-fr=\"{&quot;content&quot;:&quot;technical requirements&quot;,&quot;href&quot;:&quot;https:\/\/extranet.amethyste.fr\/documents\/orKsoft_System_Requirements.pdf&quot;}\" data-lang-en=\"{&quot;content&quot;:&quot;technical requirements&quot;,&quot;href&quot;:&quot;https:\/\/extranet.amethyste.fr\/documents\/orKsoft_System_Requirements.pdf&quot;}\">crit\u00e8res techniques<\/a>\n                <\/div>\n              <\/div>\n            <\/div>\n          <\/div>\n        <\/div>\n      <\/div>\n    <\/section>\n    <section class=\"u-clearfix u-section-8\" id=\"sec-1370\">\n      <div class=\"u-clearfix u-sheet u-sheet-1\"><\/div>\n    <\/section>\n    \n    \n    \n    \n    \n    \n    \n    \n    \n    \n    \n    \n    \n  \n","protected":false},"excerpt":{"rendered":"<p>RBI Pipeline Gestion de pipeline<\/p>\n","protected":false},"author":1,"featured_media":0,"parent":1679,"menu_order":11,"comment_status":"closed","ping_status":"closed","template":"","meta":{"footnotes":""},"categories":[101,1],"tags":[],"class_list":["post-1667","page","type-page","status-publish","hentry","category-aim-modules","category-uncategorized"],"yoast_head":"<!-- This site is optimized with the Yoast SEO plugin v26.9 - https:\/\/yoast.com\/product\/yoast-seo-wordpress\/ -->\n<title>Module RBI Pipeline - Am\u00e9thyste<\/title>\n<meta name=\"description\" content=\"API, ASME et DNV-RP-F116 dan sun module RBI Pipeline: Segmentation dynamique et int\u00e9gration GIS 2D de la matrice de risque pour les pipelines\" \/>\n<meta name=\"robots\" content=\"index, follow, max-snippet:-1, max-image-preview:large, max-video-preview:-1\" \/>\n<link rel=\"canonical\" href=\"https:\/\/amethyste.fr\/WordPress\/modules-asset-integrity-management\/rbi-pipeline\/\" \/>\n<meta property=\"og:locale\" content=\"en_US\" \/>\n<meta property=\"og:type\" content=\"article\" \/>\n<meta property=\"og:title\" content=\"Module RBI Pipeline - Am\u00e9thyste\" \/>\n<meta property=\"og:description\" content=\"API, ASME et DNV-RP-F116 dan sun module RBI Pipeline: Segmentation dynamique et int\u00e9gration GIS 2D de la matrice de risque pour les pipelines\" \/>\n<meta property=\"og:url\" content=\"https:\/\/amethyste.fr\/WordPress\/modules-asset-integrity-management\/rbi-pipeline\/\" \/>\n<meta property=\"og:site_name\" content=\"Am\u00e9thyste\" \/>\n<meta property=\"article:modified_time\" content=\"2023-07-26T06:20:33+00:00\" \/>\n<meta name=\"twitter:card\" content=\"summary_large_image\" \/>\n<script type=\"application\/ld+json\" class=\"yoast-schema-graph\">{\"@context\":\"https:\/\/schema.org\",\"@graph\":[{\"@type\":\"WebPage\",\"@id\":\"https:\/\/amethyste.fr\/WordPress\/modules-asset-integrity-management\/rbi-pipeline\/\",\"url\":\"https:\/\/amethyste.fr\/WordPress\/modules-asset-integrity-management\/rbi-pipeline\/\",\"name\":\"Module RBI Pipeline - Am\u00e9thyste\",\"isPartOf\":{\"@id\":\"https:\/\/amethyste.fr\/WordPress\/en\/amethyste-asset-integrity-management-software\/#website\"},\"datePublished\":\"2021-02-16T16:03:59+00:00\",\"dateModified\":\"2023-07-26T06:20:33+00:00\",\"description\":\"API, ASME et DNV-RP-F116 dan sun module RBI Pipeline: Segmentation dynamique et int\u00e9gration GIS 2D de la matrice de risque pour les pipelines\",\"breadcrumb\":{\"@id\":\"https:\/\/amethyste.fr\/WordPress\/modules-asset-integrity-management\/rbi-pipeline\/#breadcrumb\"},\"inLanguage\":\"en-US\",\"potentialAction\":[{\"@type\":\"ReadAction\",\"target\":[\"https:\/\/amethyste.fr\/WordPress\/modules-asset-integrity-management\/rbi-pipeline\/\"]}]},{\"@type\":\"BreadcrumbList\",\"@id\":\"https:\/\/amethyste.fr\/WordPress\/modules-asset-integrity-management\/rbi-pipeline\/#breadcrumb\",\"itemListElement\":[{\"@type\":\"ListItem\",\"position\":1,\"name\":\"Home\",\"item\":\"https:\/\/amethyste.fr\/WordPress\/\"},{\"@type\":\"ListItem\",\"position\":2,\"name\":\"Tous nos modules Asset Integrity Management\",\"item\":\"https:\/\/amethyste.fr\/WordPress\/modules-asset-integrity-management\/\"},{\"@type\":\"ListItem\",\"position\":3,\"name\":\"Module RBI Pipeline\"}]},{\"@type\":\"WebSite\",\"@id\":\"https:\/\/amethyste.fr\/WordPress\/en\/amethyste-asset-integrity-management-software\/#website\",\"url\":\"https:\/\/amethyste.fr\/WordPress\/en\/amethyste-asset-integrity-management-software\/\",\"name\":\"Am\u00e9thyste\",\"description\":\"Asset Integrity Management software\",\"publisher\":{\"@id\":\"https:\/\/amethyste.fr\/WordPress\/en\/amethyste-asset-integrity-management-software\/#organization\"},\"potentialAction\":[{\"@type\":\"SearchAction\",\"target\":{\"@type\":\"EntryPoint\",\"urlTemplate\":\"https:\/\/amethyste.fr\/WordPress\/en\/amethyste-asset-integrity-management-software\/?s={search_term_string}\"},\"query-input\":{\"@type\":\"PropertyValueSpecification\",\"valueRequired\":true,\"valueName\":\"search_term_string\"}}],\"inLanguage\":\"en-US\"},{\"@type\":\"Organization\",\"@id\":\"https:\/\/amethyste.fr\/WordPress\/en\/amethyste-asset-integrity-management-software\/#organization\",\"name\":\"Am\u00e9thyste\",\"url\":\"https:\/\/amethyste.fr\/WordPress\/en\/amethyste-asset-integrity-management-software\/\",\"logo\":{\"@type\":\"ImageObject\",\"inLanguage\":\"en-US\",\"@id\":\"https:\/\/amethyste.fr\/WordPress\/en\/amethyste-asset-integrity-management-software\/#\/schema\/logo\/image\/\",\"url\":\"https:\/\/amethyste.fr\/WordPress\/wp-content\/uploads\/Amethyste-2020-80x80-1.png\",\"contentUrl\":\"https:\/\/amethyste.fr\/WordPress\/wp-content\/uploads\/Amethyste-2020-80x80-1.png\",\"width\":80,\"height\":80,\"caption\":\"Am\u00e9thyste\"},\"image\":{\"@id\":\"https:\/\/amethyste.fr\/WordPress\/en\/amethyste-asset-integrity-management-software\/#\/schema\/logo\/image\/\"}}]}<\/script>\n<!-- \/ Yoast SEO plugin. -->","yoast_head_json":{"title":"Module RBI Pipeline - Am\u00e9thyste","description":"API, ASME et DNV-RP-F116 dan sun module RBI Pipeline: Segmentation dynamique et int\u00e9gration GIS 2D de la matrice de risque pour les pipelines","robots":{"index":"index","follow":"follow","max-snippet":"max-snippet:-1","max-image-preview":"max-image-preview:large","max-video-preview":"max-video-preview:-1"},"canonical":"https:\/\/amethyste.fr\/WordPress\/modules-asset-integrity-management\/rbi-pipeline\/","og_locale":"en_US","og_type":"article","og_title":"Module RBI Pipeline - Am\u00e9thyste","og_description":"API, ASME et DNV-RP-F116 dan sun module RBI Pipeline: Segmentation dynamique et int\u00e9gration GIS 2D de la matrice de risque pour les pipelines","og_url":"https:\/\/amethyste.fr\/WordPress\/modules-asset-integrity-management\/rbi-pipeline\/","og_site_name":"Am\u00e9thyste","article_modified_time":"2023-07-26T06:20:33+00:00","twitter_card":"summary_large_image","schema":{"@context":"https:\/\/schema.org","@graph":[{"@type":"WebPage","@id":"https:\/\/amethyste.fr\/WordPress\/modules-asset-integrity-management\/rbi-pipeline\/","url":"https:\/\/amethyste.fr\/WordPress\/modules-asset-integrity-management\/rbi-pipeline\/","name":"Module RBI Pipeline - Am\u00e9thyste","isPartOf":{"@id":"https:\/\/amethyste.fr\/WordPress\/en\/amethyste-asset-integrity-management-software\/#website"},"datePublished":"2021-02-16T16:03:59+00:00","dateModified":"2023-07-26T06:20:33+00:00","description":"API, ASME et DNV-RP-F116 dan sun module RBI Pipeline: Segmentation dynamique et int\u00e9gration GIS 2D de la matrice de risque pour les pipelines","breadcrumb":{"@id":"https:\/\/amethyste.fr\/WordPress\/modules-asset-integrity-management\/rbi-pipeline\/#breadcrumb"},"inLanguage":"en-US","potentialAction":[{"@type":"ReadAction","target":["https:\/\/amethyste.fr\/WordPress\/modules-asset-integrity-management\/rbi-pipeline\/"]}]},{"@type":"BreadcrumbList","@id":"https:\/\/amethyste.fr\/WordPress\/modules-asset-integrity-management\/rbi-pipeline\/#breadcrumb","itemListElement":[{"@type":"ListItem","position":1,"name":"Home","item":"https:\/\/amethyste.fr\/WordPress\/"},{"@type":"ListItem","position":2,"name":"Tous nos modules Asset Integrity Management","item":"https:\/\/amethyste.fr\/WordPress\/modules-asset-integrity-management\/"},{"@type":"ListItem","position":3,"name":"Module RBI Pipeline"}]},{"@type":"WebSite","@id":"https:\/\/amethyste.fr\/WordPress\/en\/amethyste-asset-integrity-management-software\/#website","url":"https:\/\/amethyste.fr\/WordPress\/en\/amethyste-asset-integrity-management-software\/","name":"Am\u00e9thyste","description":"Asset Integrity Management software","publisher":{"@id":"https:\/\/amethyste.fr\/WordPress\/en\/amethyste-asset-integrity-management-software\/#organization"},"potentialAction":[{"@type":"SearchAction","target":{"@type":"EntryPoint","urlTemplate":"https:\/\/amethyste.fr\/WordPress\/en\/amethyste-asset-integrity-management-software\/?s={search_term_string}"},"query-input":{"@type":"PropertyValueSpecification","valueRequired":true,"valueName":"search_term_string"}}],"inLanguage":"en-US"},{"@type":"Organization","@id":"https:\/\/amethyste.fr\/WordPress\/en\/amethyste-asset-integrity-management-software\/#organization","name":"Am\u00e9thyste","url":"https:\/\/amethyste.fr\/WordPress\/en\/amethyste-asset-integrity-management-software\/","logo":{"@type":"ImageObject","inLanguage":"en-US","@id":"https:\/\/amethyste.fr\/WordPress\/en\/amethyste-asset-integrity-management-software\/#\/schema\/logo\/image\/","url":"https:\/\/amethyste.fr\/WordPress\/wp-content\/uploads\/Amethyste-2020-80x80-1.png","contentUrl":"https:\/\/amethyste.fr\/WordPress\/wp-content\/uploads\/Amethyste-2020-80x80-1.png","width":80,"height":80,"caption":"Am\u00e9thyste"},"image":{"@id":"https:\/\/amethyste.fr\/WordPress\/en\/amethyste-asset-integrity-management-software\/#\/schema\/logo\/image\/"}}]}},"_links":{"self":[{"href":"https:\/\/amethyste.fr\/WordPress\/wp-json\/wp\/v2\/pages\/1667","targetHints":{"allow":["GET"]}}],"collection":[{"href":"https:\/\/amethyste.fr\/WordPress\/wp-json\/wp\/v2\/pages"}],"about":[{"href":"https:\/\/amethyste.fr\/WordPress\/wp-json\/wp\/v2\/types\/page"}],"author":[{"embeddable":true,"href":"https:\/\/amethyste.fr\/WordPress\/wp-json\/wp\/v2\/users\/1"}],"replies":[{"embeddable":true,"href":"https:\/\/amethyste.fr\/WordPress\/wp-json\/wp\/v2\/comments?post=1667"}],"version-history":[{"count":14,"href":"https:\/\/amethyste.fr\/WordPress\/wp-json\/wp\/v2\/pages\/1667\/revisions"}],"predecessor-version":[{"id":2614,"href":"https:\/\/amethyste.fr\/WordPress\/wp-json\/wp\/v2\/pages\/1667\/revisions\/2614"}],"up":[{"embeddable":true,"href":"https:\/\/amethyste.fr\/WordPress\/wp-json\/wp\/v2\/pages\/1679"}],"wp:attachment":[{"href":"https:\/\/amethyste.fr\/WordPress\/wp-json\/wp\/v2\/media?parent=1667"}],"wp:term":[{"taxonomy":"category","embeddable":true,"href":"https:\/\/amethyste.fr\/WordPress\/wp-json\/wp\/v2\/categories?post=1667"},{"taxonomy":"post_tag","embeddable":true,"href":"https:\/\/amethyste.fr\/WordPress\/wp-json\/wp\/v2\/tags?post=1667"}],"curies":[{"name":"wp","href":"https:\/\/api.w.org\/{rel}","templated":true}]}}